{"id":295,"date":"2025-01-25T08:44:24","date_gmt":"2025-01-25T05:44:24","guid":{"rendered":"https:\/\/nexim.com.tr\/?page_id=295"},"modified":"2025-01-25T10:10:24","modified_gmt":"2025-01-25T07:10:24","slug":"medya","status":"publish","type":"page","link":"https:\/\/nexim.com.tr\/index.php\/medya\/","title":{"rendered":"Medya"},"content":{"rendered":"<p style=\"text-align: center;\"><span style=\"font-size: 110%;\"><strong>Marka ve kimlik alg\u0131n\u0131z\u0131 y\u00f6neterek g\u00fc\u00e7l\u00fc PR \u00e7al\u0131\u015fmalar\u0131 y\u00fcr\u00fct\u00fcyoruz.<\/strong><\/span><\/p>\n<p><em>Kurumsal i\u015f y\u00f6netim\u00a0 organizasyonu ve alg\u0131sal y\u00f6netim, Parti Se\u00e7im kampanyalar\u0131 \u00e7al\u0131\u015fmalar\u0131n\u0131 teknoloji,yaz\u0131l\u0131m,alg\u0131 y\u00f6netimi ve \u00f6rganizasyonlarla b\u00fct\u00fcnsel olarak y\u00fcr\u00fct\u00fcyoruz.<\/em><\/p>\n<p><em><strong><span style=\"color: #333333;\">Denizli B\u00fcy\u00fck\u015fehir Belediyesi 2014 Yerel Se\u00e7im Kampanyas\u0131\u00a0<\/span><\/strong><\/em><\/p>\n<p><em><strong><span style=\"color: #333333;\">Antalya Kemer Belediyesi 2024 Yerel Se\u00e7im Kampanyas\u0131<\/span><\/strong><\/em><\/p>\n<p style=\"text-align: center;\"><span style=\"font-size: 110%;\"><strong>Dizi,sinema,reklam,belgesel film senaryo, produksiyon, yap\u0131m hizmeti vermekteyiz. Gerek kendi projelerimizde gerekse talep etti\u011finiz \u00e7ekim ve projeleriniz i\u00e7in \u00e7\u00f6z\u00fcmler sunuyoruz.<\/strong><\/span><\/p>\n<div class=\"container section-title-container\" ><h3 class=\"section-title section-title-normal\"><b><\/b><span class=\"section-title-main\" >Sinema ve D\u0130Z\u0130LER<\/span><b><\/b><\/h3><\/div>\n\n<div class=\"row\"  id=\"row-1315612666\">\n\n\n\t<div id=\"col-206783799\" class=\"col medium-4 small-12 large-4\"  >\n\t\t\t\t<div class=\"col-inner\"  >\n\t\t\t\n\t\t\t\n\n<div class=\"video video-fit mb\" style=\"padding-top:56.25%;\"><iframe loading=\"lazy\" title=\"Deli Zekal\u0131lar l 1.B\u00f6l\u00fcm\" width=\"1020\" height=\"574\" src=\"https:\/\/www.youtube.com\/embed\/ZJz1wv2gAjw?feature=oembed\" frameborder=\"0\" allow=\"accelerometer; autoplay; clipboard-write; encrypted-media; gyroscope; picture-in-picture; web-share\" referrerpolicy=\"strict-origin-when-cross-origin\" allowfullscreen><\/iframe><\/div>\n\n\n\t\t<\/div>\n\t\t\t\t\t<\/div>\n\n\t\n\n\t<div id=\"col-156851960\" class=\"col medium-4 small-12 large-4\"  >\n\t\t\t\t<div class=\"col-inner\"  >\n\t\t\t\n\t\t\t\n\n<div class=\"video video-fit mb\" style=\"padding-top:56.25%;\"><p><iframe loading=\"lazy\" title=\"Deli Zekal\u0131lar l 2.B\u00f6l\u00fcm\" width=\"1020\" height=\"574\" src=\"https:\/\/www.youtube.com\/embed\/NpdmNiYwX8w?feature=oembed\" frameborder=\"0\" allow=\"accelerometer; autoplay; clipboard-write; encrypted-media; gyroscope; picture-in-picture; web-share\" referrerpolicy=\"strict-origin-when-cross-origin\" allowfullscreen><\/iframe><\/p>\n<\/div>\n\n\n\t\t<\/div>\n\t\t\t\t\t<\/div>\n\n\t\n\n\t<div id=\"col-1411818468\" class=\"col medium-4 small-12 large-4\"  >\n\t\t\t\t<div class=\"col-inner\"  >\n\t\t\t\n\t\t\t\n\n<div class=\"video video-fit mb\" style=\"padding-top:56.25%;\"><p><iframe loading=\"lazy\" title=\"Deli Zekal\u0131lar l 3.B\u00f6l\u00fcm\" width=\"1020\" height=\"574\" src=\"https:\/\/www.youtube.com\/embed\/uItckaJhKAA?feature=oembed\" frameborder=\"0\" allow=\"accelerometer; autoplay; clipboard-write; encrypted-media; gyroscope; picture-in-picture; web-share\" referrerpolicy=\"strict-origin-when-cross-origin\" allowfullscreen><\/iframe><\/p>\n<\/div>\n\n\n\t\t<\/div>\n\t\t\t\t\t<\/div>\n\n\t\n\n<\/div>\n<div class=\"row\"  id=\"row-1269716285\">\n\n\n\t<div id=\"col-754678634\" class=\"col medium-4 small-12 large-4\"  >\n\t\t\t\t<div class=\"col-inner\"  >\n\t\t\t\n\t\t\t\n\n<div class=\"video video-fit mb\" style=\"padding-top:56.25%;\"><p><iframe loading=\"lazy\" title=\"Deli Zekal\u0131lar l 4.B\u00f6l\u00fcm\" width=\"1020\" height=\"574\" src=\"https:\/\/www.youtube.com\/embed\/yqORSnIVvvE?feature=oembed\" frameborder=\"0\" allow=\"accelerometer; autoplay; clipboard-write; encrypted-media; gyroscope; picture-in-picture; web-share\" referrerpolicy=\"strict-origin-when-cross-origin\" allowfullscreen><\/iframe><\/p>\n<\/div>\n\n\n\t\t<\/div>\n\t\t\t\t\t<\/div>\n\n\t\n\n\t<div id=\"col-2140431282\" class=\"col medium-4 small-12 large-4\"  >\n\t\t\t\t<div class=\"col-inner\"  >\n\t\t\t\n\t\t\t\n\n<div class=\"video video-fit mb\" style=\"padding-top:56.25%;\"><p><iframe loading=\"lazy\" title=\"Deli Zekal\u0131lar l 5.B\u00f6l\u00fcm l Sezon Finali\" width=\"1020\" height=\"574\" src=\"https:\/\/www.youtube.com\/embed\/IdH6MvZmTXc?feature=oembed\" frameborder=\"0\" allow=\"accelerometer; autoplay; clipboard-write; encrypted-media; gyroscope; picture-in-picture; web-share\" referrerpolicy=\"strict-origin-when-cross-origin\" allowfullscreen><\/iframe><\/p>\n<\/div>\n\n\n\t\t<\/div>\n\t\t\t\t\t<\/div>\n\n\t\n\n\t<div id=\"col-1704828993\" class=\"col medium-4 small-12 large-4\"  >\n\t\t\t\t<div class=\"col-inner\"  >\n\t\t\t\n\t\t\t\n\n\n\t\t<\/div>\n\t\t\t\t\t<\/div>\n\n\t\n\n<\/div>\n<div class=\"container section-title-container\" ><h3 class=\"section-title section-title-normal\"><b><\/b><span class=\"section-title-main\" >Tan\u0131t\u0131m Filmleri ve Belgeseller<\/span><b><\/b><\/h3><\/div>\n\n<div class=\"row\"  id=\"row-879198715\">\n\n\n\t<div id=\"col-2061124251\" class=\"col medium-4 small-12 large-4\"  >\n\t\t\t\t<div class=\"col-inner\"  >\n\t\t\t\n\t\t\t\n\n<div class=\"video video-fit mb\" style=\"padding-top:56.25%;\"><p><iframe loading=\"lazy\" title=\"BATTALGAZ\u0130 DOCUMENTARY FILM\" width=\"1020\" height=\"574\" src=\"https:\/\/www.youtube.com\/embed\/K4iJRfD71jA?feature=oembed\" frameborder=\"0\" allow=\"accelerometer; autoplay; clipboard-write; encrypted-media; gyroscope; picture-in-picture; web-share\" referrerpolicy=\"strict-origin-when-cross-origin\" allowfullscreen><\/iframe><\/p>\n<\/div>\n\n<div class=\"video video-fit mb\" style=\"padding-top:56.25%;\"><p><iframe loading=\"lazy\" title=\"D.O.P ...\" width=\"1020\" height=\"574\" src=\"https:\/\/www.youtube.com\/embed\/-sKWMYBz8iY?feature=oembed\" frameborder=\"0\" allow=\"accelerometer; autoplay; clipboard-write; encrypted-media; gyroscope; picture-in-picture; web-share\" referrerpolicy=\"strict-origin-when-cross-origin\" allowfullscreen><\/iframe><\/p>\n<\/div>\n\n<div class=\"video video-fit mb\" style=\"padding-top:56.25%;\"><p><iframe loading=\"lazy\" title=\"SKY WALK FETH\u0130YE.. DRONE \u00c7EK\u0130MLER\u0130N\u0130 \u00dcSTLEND\u0130\u011e\u0130M PROJE\" width=\"1020\" height=\"574\" src=\"https:\/\/www.youtube.com\/embed\/qlFS7-3SSn8?feature=oembed\" frameborder=\"0\" allow=\"accelerometer; autoplay; clipboard-write; encrypted-media; gyroscope; picture-in-picture; web-share\" referrerpolicy=\"strict-origin-when-cross-origin\" allowfullscreen><\/iframe><\/p>\n<\/div>\n\n<div class=\"video video-fit mb\" style=\"padding-top:56.25%;\"><p><iframe loading=\"lazy\" title=\"\u015e\u0130R\u0130N WALNUT HASAD PROMOTION FILM | Fernor Walnut |\" width=\"1020\" height=\"574\" src=\"https:\/\/www.youtube.com\/embed\/o2GDuv-hdGo?feature=oembed\" frameborder=\"0\" allow=\"accelerometer; autoplay; clipboard-write; encrypted-media; gyroscope; picture-in-picture; web-share\" referrerpolicy=\"strict-origin-when-cross-origin\" allowfullscreen><\/iframe><\/p>\n<\/div>\n\n<div class=\"video video-fit mb\" style=\"padding-top:56.25%;\"><p><iframe loading=\"lazy\" title=\"DOCUMENTARY PROJECT IN WHICH I SERVE AS THE DIRECTOR OF COPY. TRT NEWS GET OFF THE WAY\" width=\"1020\" height=\"574\" src=\"https:\/\/www.youtube.com\/embed\/GFlrUeLS0PQ?feature=oembed\" frameborder=\"0\" allow=\"accelerometer; autoplay; clipboard-write; encrypted-media; gyroscope; picture-in-picture; web-share\" referrerpolicy=\"strict-origin-when-cross-origin\" allowfullscreen><\/iframe><\/p>\n<\/div>\n\n<div class=\"video video-fit mb\" style=\"padding-top:56.25%;\"><p><iframe loading=\"lazy\" title=\"K\u0130L\u0130M GROUP TANITIM F\u0130LM\u0130\" width=\"1020\" height=\"574\" src=\"https:\/\/www.youtube.com\/embed\/Yx4jWhQrnWI?feature=oembed\" frameborder=\"0\" allow=\"accelerometer; autoplay; clipboard-write; encrypted-media; gyroscope; picture-in-picture; web-share\" referrerpolicy=\"strict-origin-when-cross-origin\" allowfullscreen><\/iframe><\/p>\n<\/div>\n\n<div class=\"video video-fit mb\" style=\"padding-top:56.25%;\"><p><iframe loading=\"lazy\" title=\"REVNA CONSTRUCTION\" width=\"1020\" height=\"574\" src=\"https:\/\/www.youtube.com\/embed\/FywflaOHUlw?feature=oembed\" frameborder=\"0\" allow=\"accelerometer; autoplay; clipboard-write; encrypted-media; gyroscope; picture-in-picture; web-share\" referrerpolicy=\"strict-origin-when-cross-origin\" allowfullscreen><\/iframe><\/p>\n<\/div>\n\n<div class=\"video video-fit mb\" style=\"padding-top:56.25%;\"><p><iframe loading=\"lazy\" title=\"Zuhal OLCAY\" width=\"1020\" height=\"574\" src=\"https:\/\/www.youtube.com\/embed\/pY4YysSbThE?feature=oembed\" frameborder=\"0\" allow=\"accelerometer; autoplay; clipboard-write; encrypted-media; gyroscope; picture-in-picture; web-share\" referrerpolicy=\"strict-origin-when-cross-origin\" allowfullscreen><\/iframe><\/p>\n<\/div>\n\n<div class=\"video video-fit mb\" style=\"padding-top:56.25%;\"><p><iframe loading=\"lazy\" title=\"Zuhal OLCAY\" width=\"1020\" height=\"574\" src=\"https:\/\/www.youtube.com\/embed\/pY4YysSbThE?feature=oembed\" frameborder=\"0\" allow=\"accelerometer; autoplay; clipboard-write; encrypted-media; gyroscope; picture-in-picture; web-share\" referrerpolicy=\"strict-origin-when-cross-origin\" allowfullscreen><\/iframe><\/p>\n<\/div>\n\n\n\t\t<\/div>\n\t\t\t\t\t<\/div>\n\n\t\n\n\t<div id=\"col-1895972075\" class=\"col medium-4 small-12 large-4\"  >\n\t\t\t\t<div class=\"col-inner\"  >\n\t\t\t\n\t\t\t\n\n<div class=\"video video-fit mb\" style=\"padding-top:56.25%;\"><p><iframe loading=\"lazy\" title=\"D.o.p olarak hizmet verdi\u011fim. twendx ( TV net ) 8 b\u00f6l\u00fcm belgesel serisi....\" width=\"1020\" height=\"574\" src=\"https:\/\/www.youtube.com\/embed\/bQcJ2XIZwQE?feature=oembed\" frameborder=\"0\" allow=\"accelerometer; autoplay; clipboard-write; encrypted-media; gyroscope; picture-in-picture; web-share\" referrerpolicy=\"strict-origin-when-cross-origin\" allowfullscreen><\/iframe><\/p>\n<\/div>\n\n<div class=\"video video-fit mb\" style=\"padding-top:56.25%;\"><p><iframe loading=\"lazy\" title=\"D.O.P\" width=\"1020\" height=\"574\" src=\"https:\/\/www.youtube.com\/embed\/IN8Yf-rkVoY?feature=oembed\" frameborder=\"0\" allow=\"accelerometer; autoplay; clipboard-write; encrypted-media; gyroscope; picture-in-picture; web-share\" referrerpolicy=\"strict-origin-when-cross-origin\" allowfullscreen><\/iframe><\/p>\n<\/div>\n\n<div class=\"video video-fit mb\" style=\"padding-top:56.25%;\"><p><iframe loading=\"lazy\" title=\"Radisson Residences Avrupa TEM Istanbul\" width=\"1020\" height=\"574\" src=\"https:\/\/www.youtube.com\/embed\/4YEKiGLhRkw?feature=oembed\" frameborder=\"0\" allow=\"accelerometer; autoplay; clipboard-write; encrypted-media; gyroscope; picture-in-picture; web-share\" referrerpolicy=\"strict-origin-when-cross-origin\" allowfullscreen><\/iframe><\/p>\n<\/div>\n\n<div class=\"video video-fit mb\" style=\"padding-top:56.25%;\"><p><iframe loading=\"lazy\" title=\"TRT &#039;&#039; OFF THE ROAD &#039;&#039; DOCUMENTARY AERIAL IMAGING AND IMAGE MANAGEMENT...D.O.P\" width=\"1020\" height=\"574\" src=\"https:\/\/www.youtube.com\/embed\/k5jxKELut-E?feature=oembed\" frameborder=\"0\" allow=\"accelerometer; autoplay; clipboard-write; encrypted-media; gyroscope; picture-in-picture; web-share\" referrerpolicy=\"strict-origin-when-cross-origin\" allowfullscreen><\/iframe><\/p>\n<\/div>\n\n<div class=\"video video-fit mb\" style=\"padding-top:56.25%;\"><p><iframe loading=\"lazy\" title=\"TRT &#039;&#039; OFF THE ROAD &#039;&#039; DOCUMENTARY AERIAL IMAGING AND IMAGE MANAGEMENT..   Aphrodisias\" width=\"1020\" height=\"574\" src=\"https:\/\/www.youtube.com\/embed\/2jUoZ4nkbkg?feature=oembed\" frameborder=\"0\" allow=\"accelerometer; autoplay; clipboard-write; encrypted-media; gyroscope; picture-in-picture; web-share\" referrerpolicy=\"strict-origin-when-cross-origin\" allowfullscreen><\/iframe><\/p>\n<\/div>\n\n<div class=\"video video-fit mb\" style=\"padding-top:56.25%;\"><p><iframe loading=\"lazy\" title=\"KMK PAPER.\" width=\"1020\" height=\"574\" src=\"https:\/\/www.youtube.com\/embed\/qOxem9brpvE?feature=oembed\" frameborder=\"0\" allow=\"accelerometer; autoplay; clipboard-write; encrypted-media; gyroscope; picture-in-picture; web-share\" referrerpolicy=\"strict-origin-when-cross-origin\" allowfullscreen><\/iframe><\/p>\n<\/div>\n\n<div class=\"video video-fit mb\" style=\"padding-top:56.25%;\"><p><iframe loading=\"lazy\" title=\"AURAFIX MED\u0130CAL\" width=\"1020\" height=\"574\" src=\"https:\/\/www.youtube.com\/embed\/PuMpFS-ct4s?feature=oembed\" frameborder=\"0\" allow=\"accelerometer; autoplay; clipboard-write; encrypted-media; gyroscope; picture-in-picture; web-share\" referrerpolicy=\"strict-origin-when-cross-origin\" allowfullscreen><\/iframe><\/p>\n<\/div>\n\n<div class=\"video video-fit mb\" style=\"padding-top:56.25%;\"><p><iframe loading=\"lazy\" title=\"datasist klip\" width=\"1020\" height=\"574\" src=\"https:\/\/www.youtube.com\/embed\/4nvd6ZQNxC8?feature=oembed\" frameborder=\"0\" allow=\"accelerometer; autoplay; clipboard-write; encrypted-media; gyroscope; picture-in-picture; web-share\" referrerpolicy=\"strict-origin-when-cross-origin\" allowfullscreen><\/iframe><\/p>\n<\/div>\n\n<div class=\"video video-fit mb\" style=\"padding-top:56.25%;\"><p><iframe loading=\"lazy\" title=\"Teknevizyon - Sahibinden Kiral\u0131k Tekneler\" width=\"1020\" height=\"574\" src=\"https:\/\/www.youtube.com\/embed\/PdVSF0B7d-8?feature=oembed\" frameborder=\"0\" allow=\"accelerometer; autoplay; clipboard-write; encrypted-media; gyroscope; picture-in-picture; web-share\" referrerpolicy=\"strict-origin-when-cross-origin\" allowfullscreen><\/iframe><\/p>\n<\/div>\n\n\n\t\t<\/div>\n\t\t\t\t\t<\/div>\n\n\t\n\n\t<div id=\"col-955031635\" class=\"col medium-4 small-12 large-4\"  >\n\t\t\t\t<div class=\"col-inner\"  >\n\t\t\t\n\t\t\t\n\n<div class=\"video video-fit mb\" style=\"padding-top:56.25%;\"><p><iframe loading=\"lazy\" title=\"Cameraman and Drone Operator\" width=\"1020\" height=\"574\" src=\"https:\/\/www.youtube.com\/embed\/tNfbx1-CKAs?feature=oembed\" frameborder=\"0\" allow=\"accelerometer; autoplay; clipboard-write; encrypted-media; gyroscope; picture-in-picture; web-share\" referrerpolicy=\"strict-origin-when-cross-origin\" allowfullscreen><\/iframe><\/p>\n<\/div>\n\n<div class=\"video video-fit mb\" style=\"padding-top:56.25%;\"><p><iframe loading=\"lazy\" title=\"The drone service we provided for the \u0130GA commercial film\" width=\"1020\" height=\"574\" src=\"https:\/\/www.youtube.com\/embed\/ua63GvqFwDQ?feature=oembed\" frameborder=\"0\" allow=\"accelerometer; autoplay; clipboard-write; encrypted-media; gyroscope; picture-in-picture; web-share\" referrerpolicy=\"strict-origin-when-cross-origin\" allowfullscreen><\/iframe><\/p>\n<\/div>\n\n<div class=\"video video-fit mb\" style=\"padding-top:56.25%;\"><p><iframe loading=\"lazy\" title=\"DS.DESING &amp; RAMONDER FUR\" width=\"1020\" height=\"574\" src=\"https:\/\/www.youtube.com\/embed\/_omo5Bh-H8o?feature=oembed\" frameborder=\"0\" allow=\"accelerometer; autoplay; clipboard-write; encrypted-media; gyroscope; picture-in-picture; web-share\" referrerpolicy=\"strict-origin-when-cross-origin\" allowfullscreen><\/iframe><\/p>\n<\/div>\n\n<div class=\"video video-fit mb\" style=\"padding-top:56.25%;\"><p><iframe loading=\"lazy\" title=\"KIRMIZIG\u00dcL KOZMET\u0130K..\" width=\"1020\" height=\"574\" src=\"https:\/\/www.youtube.com\/embed\/efI0O1a1AQ8?feature=oembed\" frameborder=\"0\" allow=\"accelerometer; autoplay; clipboard-write; encrypted-media; gyroscope; picture-in-picture; web-share\" referrerpolicy=\"strict-origin-when-cross-origin\" allowfullscreen><\/iframe><\/p>\n<\/div>\n\n<div class=\"video video-fit mb\" style=\"padding-top:56.25%;\"><p><iframe loading=\"lazy\" title=\"TRT &#039;&#039; OFF THE ROAD &#039;&#039; DOCUMENTARY AERIAL IMAGING AND IMAGE MANAGEMENT...  \u0130znik\" width=\"1020\" height=\"574\" src=\"https:\/\/www.youtube.com\/embed\/GbjKsZWlprI?feature=oembed\" frameborder=\"0\" allow=\"accelerometer; autoplay; clipboard-write; encrypted-media; gyroscope; picture-in-picture; web-share\" referrerpolicy=\"strict-origin-when-cross-origin\" allowfullscreen><\/iframe><\/p>\n<\/div>\n\n<div class=\"video video-fit mb\" style=\"padding-top:56.25%;\"><p><iframe loading=\"lazy\" title=\"KOYUNBABA AN\u0130MASYON F\u0130LM\u0130\" width=\"1020\" height=\"574\" src=\"https:\/\/www.youtube.com\/embed\/UUoeG6w_8b0?feature=oembed\" frameborder=\"0\" allow=\"accelerometer; autoplay; clipboard-write; encrypted-media; gyroscope; picture-in-picture; web-share\" referrerpolicy=\"strict-origin-when-cross-origin\" allowfullscreen><\/iframe><\/p>\n<\/div>\n\n<div class=\"video video-fit mb\" style=\"padding-top:56.25%;\"><p><iframe loading=\"lazy\" title=\"CEM ADRIAN\" width=\"1020\" height=\"574\" src=\"https:\/\/www.youtube.com\/embed\/xMH3kDeMxlU?feature=oembed\" frameborder=\"0\" allow=\"accelerometer; autoplay; clipboard-write; encrypted-media; gyroscope; picture-in-picture; web-share\" referrerpolicy=\"strict-origin-when-cross-origin\" allowfullscreen><\/iframe><\/p>\n<\/div>\n\n<div class=\"video video-fit mb\" style=\"padding-top:56.25%;\"><p><iframe loading=\"lazy\" title=\"Bozkurt Marin Motors\" width=\"1020\" height=\"574\" src=\"https:\/\/www.youtube.com\/embed\/JdZ-Es8YYyg?feature=oembed\" frameborder=\"0\" allow=\"accelerometer; autoplay; clipboard-write; encrypted-media; gyroscope; picture-in-picture; web-share\" referrerpolicy=\"strict-origin-when-cross-origin\" allowfullscreen><\/iframe><\/p>\n<\/div>\n\n<div class=\"video video-fit mb\" style=\"padding-top:56.25%;\"><p><iframe loading=\"lazy\" title=\"A\u015eK TEKNES\u0130\" width=\"1020\" height=\"574\" src=\"https:\/\/www.youtube.com\/embed\/EW6UUzxXDto?feature=oembed\" frameborder=\"0\" allow=\"accelerometer; autoplay; clipboard-write; encrypted-media; gyroscope; picture-in-picture; web-share\" referrerpolicy=\"strict-origin-when-cross-origin\" allowfullscreen><\/iframe><\/p>\n<\/div>\n\n\n\t\t<\/div>\n\t\t\t\t\t<\/div>\n\n\t\n\n<\/div>","protected":false},"excerpt":{"rendered":"","protected":false},"author":1,"featured_media":0,"parent":0,"menu_order":0,"comment_status":"closed","ping_status":"closed","template":"","meta":{"footnotes":""},"class_list":["post-295","page","type-page","status-publish","hentry"],"_links":{"self":[{"href":"https:\/\/nexim.com.tr\/index.php\/wp-json\/wp\/v2\/pages\/295","targetHints":{"allow":["GET"]}}],"collection":[{"href":"https:\/\/nexim.com.tr\/index.php\/wp-json\/wp\/v2\/pages"}],"about":[{"href":"https:\/\/nexim.com.tr\/index.php\/wp-json\/wp\/v2\/types\/page"}],"author":[{"embeddable":true,"href":"https:\/\/nexim.com.tr\/index.php\/wp-json\/wp\/v2\/users\/1"}],"replies":[{"embeddable":true,"href":"https:\/\/nexim.com.tr\/index.php\/wp-json\/wp\/v2\/comments?post=295"}],"version-history":[{"count":8,"href":"https:\/\/nexim.com.tr\/index.php\/wp-json\/wp\/v2\/pages\/295\/revisions"}],"predecessor-version":[{"id":304,"href":"https:\/\/nexim.com.tr\/index.php\/wp-json\/wp\/v2\/pages\/295\/revisions\/304"}],"wp:attachment":[{"href":"https:\/\/nexim.com.tr\/index.php\/wp-json\/wp\/v2\/media?parent=295"}],"curies":[{"name":"wp","href":"https:\/\/api.w.org\/{rel}","templated":true}]}}